ose -y = 4 - 7. Suppose 0 = 3*l + y, 3*x - 3*l - 5 - 40 = 0. What are the prime factors of x?
2, 7
Let y(i) = 22*i**2 + 2*i + 2. Let v be y(-1). Suppose -17*l - 205 = -v*l. What are the prime factors of l?
41
Suppose 3*z = -5*m + 3204, 41*m = 40*m - 3*z + 636. List the prime factors of m.
2, 3, 107
Let r = -19 + 19. Suppose r = 7*p + 288 - 1296. What are the prime factors of p?
2, 3
Let x(l) = 2*l**3 + 5*l - 2*l**3 + 9*l**2 + 2*l**3 - l**3. What are the prime factors of x(-7)?
3, 7
List the prime factors of (-12)/78 + (-28972)/(-52).
557
Suppose -1232 = -g - 285. What are the prime factors of g?
947
Suppose -4800 = -22*s + 10*s. What are the prime factors of s?
2, 5
Suppose -6*t + 3*t + z = -1586, 3*z = -2*t + 1072. What are the prime factors of t?
2, 5, 53
Let p(w) = 3*w + 2. Let z be p(3). Suppose 1 = 2*j - z. Suppose o - j*o + 125 = 0. What are the prime factors of o?
5
Let y(q) = -q**3 - q**2 - 2. Let s be y(-2). Let f be -32 + 12/(-8)*s. What are the prime factors of 4/(-10) - 329/f?
3
Let i(d) = -d + 1. Let z be i(11). Let g(o) = o**3 + 12*o**2 + 14*o + 1. List the prime factors of g(z).
61
Suppose 6*q = 10*q - 20. Suppose q*z = z + 20. What are the prime factors of z?
5
Let z = 1866 + -615. List the prime factors of z.
3, 139
Suppose 66 = 4*m - 2*k, -m + 3*k - 2*k + 17 = 0. Let j(h) = -h**3 + 18*h**2 - 21*h. List the prime factors of j(m).
2, 11
Let r(n) = -3*n + 9. Let k = 6 - 10. Let l be (-8 - k) + (-2 - -1). What are the prime factors of r(l)?
2, 3
Let i(r) = -r**3 + 7*r**2 - 8*r + 4. Let q be i(6). Suppose 22*a - 18*a + 24 = 0. Let g = a - q. What are the prime factors of g?
2
List the prime factors of 358 - (4/14 + 16/(-56)).
2, 179
Let p(c) = 2*c**3 - 31*c**2 - 4*c - 9. Let j(x) = x**3 - 15*x**2 - 2*x - 4. Let o(i) = 5*j(i) - 3*p(i). What are the prime factors of o(18)?
43
Let k(u) = -155*u - 253. What are the prime factors of k(-31)?
2, 569
Let f(a) = -9*a**3 + 13*a**2 - 4. Suppose 0 = -2*p - 0 + 12. Let r(s) = -4*s**3 + 6*s**2 - 2. Let j(w) = p*f(w) - 14*r(w). What are the prime factors of j(4)?
2, 3
Suppose 1624*d = 1629*d - 2040. What are the prime factors of d?
2, 3, 17
Suppose 0 = d + 3*l - 495, -5*d + 1040 = -3*d - 4*l. List the prime factors of d.
2, 3, 5, 17
Suppose -3*r + b - 3*b = -49, 0 = -5*r - b + 84. Let m(c) = -c**3 + 16*c**2 + 18*c + 2. What are the prime factors of m(r)?
19
Let a(m) = -21*m + 2. Let s(u) = -2*u - 5. Let f be s(-4). Suppose 5*g - 2*x + 5 = -5*x, 2*g - f*x = -2. What are the prime factors of a(g)?
23
Let f = 32 + -22. Let b be (-3)/18 + (-220)/(-24). Let h = b + f. List the prime factors of h.
19
Let c(t) = 355*t**2 + t + 1. Let v be c(-1). Suppose -v = -10*p + 405. List the prime factors of p.
2, 19
List the prime factors of (45/(-375)*10)/((-1)/30).
2, 3
Suppose i = -s + 7, 7*s - 6 = 2*i + 4*s. Suppose 4*l - 39 = 2*w + 3*l, -i*l - 30 = w. List the prime factors of (w - -1)/(5/(-10)).
2, 5
Let p be 1/(-5) + 542/10. Suppose -3*i - 33 = -3*d, 2*i - 22 + p = -3*d. Let f = i - -23. What are the prime factors of f?
2, 5
Let a be (0 - 209) + -3*(-20)/(-15). Let p = a - -419. List the prime factors of p.
2, 103
Let v = -7 + 25. Suppose 0 = 4*u - 0*k - 2*k + 28, -3*k - v = 4*u. Let b = 76 + u. What are the prime factors of b?
2, 5, 7
Let j(t) = 36*t**2 + 82*t - 9. List the prime factors of j(7).
17, 137
Let k be (10 - 4)*(-2)/3. Let r = 4 + k. Suppose 2*l - l - 24 = r. List the prime factors of l.
2, 3
Let n = 2702 - 1926. What are the prime factors of n?
2, 97
Let q(h) = 207*h**3 - 3*h**2 + 3*h - 7. List the prime factors of q(2).
31, 53
Suppose 2*k = -2*k + 12. Suppose 2*n - 113 + k = 0. List the prime factors of n.
5, 11
Let y be 7/(-42) + (-15)/18. Let l be (y - 0) + 26 + 2. Let j = l - 1. List the prime factors of j.
2, 13
Let a = 16 - 14. Let d be (-13 + 1)*(-3)/a. Let l = d - 5. What are the prime factors of l?
13
Suppose 2*d + 480 = 2*a, -4*a + d = 3*d - 960. Let l = 27 + a. What are the prime factors of l?
3, 89
Let v = 80 + -60. List the prime factors of v*5*(-70)/(-125).
2, 7
Let y(b) = 2*b**2 - 5*b + 4. Let w be y(2). Suppose -2 = -w*p, -n + p + 1 + 0 = 0. What are the prime factors of 3/n + 671/22?
2
Let n(b) = b**2 + b + 1. Let v(h) = -5*h**2 + 11*h + 9. Let d(g) = -6*n(g) - v(g). List the prime factors of d(-15).
3, 5
Let d(t) = 5*t - 4. Let b(g) = -6*g + 4. Let i(m) = -4*b(m) - 5*d(m). Let s be i(-5). Suppose 0 = -a + 11 - s. What are the prime factors of a?
2
Let j(t) = 2*t**2 + 24*t + 25. Let r be j(-11). Suppose 0 = -2*l - 4*q + 2*q + 398, 2*l = r*q + 413. List the prime factors of l.
2, 101
Let c be 8/32 - 50/8. Let s(k) = 4*k - 1. Let g(r) = -r. Let h(y) = c*g(y) - s(y). List the prime factors of h(2).
5
Let o(x) = -2*x - 4 - 4 + x**3 + 7*x**2 - 2 + 4. List the prime factors of o(-7).
2
Let d be 12*(-1 - -1*28). Let a be (5/(-10))/((-2)/d). List the prime factors of (-1)/(a/(-39) + 2).
13
Suppose -323 = -c + 3*g, 2*g + 1654 = 5*c - 0*c. What are the prime factors of c?
2, 83
Let a = 233 + -56. List the prime factors of a.
3, 59
Suppose -n + 280 = 5*u, -4*u + 7*u = -3*n + 168. Let h = u - 23. What are the prime factors of h?
3, 11
Let v = -2 + 1. Let f be v - (-99 + (0 - 2)). Suppose z - 6*z + f = 0. What are the prime factors of z?
2, 5
Let g be (-4 + 3)*(9 - -2). Let x be (1 - g)*1/2. Let q = x + 34. List the prime factors of q.
2, 5
Suppose -2 = 4*h - 10. Let q = h + -52. Let r = 78 + q. What are the prime factors of r?
2, 7
Suppose 4509 + 179 = 16*d. What are the prime factors of d?
293
Let y be 9/15 + (-7)/(-5). Let p be y/(-3) - 145/(-15). Let j(x) = 6*x - 6. What are the prime factors of j(p)?
2, 3
Suppose 2*q + 55 = 7. What are the prime factors of (q/(-16))/(6/112)?
2, 7
Let h = 16 + -2. Let f = 17 - h. Suppose -3*v + f - 1 = 5*w, -22 = -3*v - w. List the prime factors of v.
3
Let x(t) be the third derivative of 11*t**4/24 - 10*t**3/3 + 2*t**2. Suppose 3*i + 2 = -0*n + 4*n, i - 4*n = -14. What are the prime factors of x(i)?
2, 23
Suppose -2*p - 2826 = -11*p. Suppose 266 = 4*u - p. List the prime factors of u.
5, 29
Suppose 5*v + 10 = -0*v - n, -v + 4*n + 19 = 0. Let o be (-3)/(-5)*(-75)/v. Let i = o + -20. What are the prime factors of i?
5
Let r(z) be the third derivative of 5*z**2 + 11/6*z**3 + 0*z - 1/60*z**5 + 1/2*z**4 + 0. What are the prime factors of r(7)?
2, 23
Suppose 2*o - 2*y = -0*y + 32, 3*y - 99 = -4*o. Let r = o - -4. Suppose -p = -2*p + r. What are the prime factors of p?
5
Suppose 2*p + 24 - 268 = 0. Suppose -p = a - 3*u, 4*a + 176 + 290 = u. What are the prime factors of 1/(((-16)/4)/a)?
29
Let g(d) be the first derivative of 33*d**4/4 + d**3/3 - d**2/2 - 51. Let u be 3/3 + 0 + 0. List the prime factors of g(u).
3, 11
Suppose 0 = 4*g - 38*j + 42*j - 10916, -8207 = -3*g + 2*j. What are the prime factors of g?
3, 911
Let j be (-3666)/42 + 4/14. Let y = j - -156. What are the prime factors of y?
3, 23
Let u be 98/(-1)*6/(-4). Let x(r) = -r**2 + r - 28. Let d be x(-7). Let w = u + d. List the prime factors of w.
3, 7
Let c(h) = 3*h**3 - 7*h**2 + 6*h - 6. Let k(p) = -7*p**3 + 15*p**2 - 13*p + 13. Let d = 5 + -11. Let v(b) = d*k(b) - 13*c(b). List the prime factors of v(1).
2
Suppose -5*h - 3227 - 168 = 0. Let y = h - -970. What are the prime factors of y?
3, 97
Suppose 1127 = 2*p + 109. What are the prime factors of p?
509
Let s = 3148 + -1884. What are the prime factors of s?
2, 79
Suppose 0 = 7*p - 3*p + 3*z - 1530, -2*z - 1520 = -4*p. List the prime factors of p.
3, 127
Suppose -y + 2*y - 5 = 0. Suppose y*n - 3*n - 6 = 0, 4*t - 233 = 5*n. List the prime factors of t.
2, 31
Let h = 2055 + -1424. What are the prime factors of h?
631
Let d = 33 + 809. What are the prime factors of d?
2, 421
Let m be 3/(-6)*-6 + (0 - -15). Suppose 19*u - m*u - 216 = 0. List the prime factors of u.
2, 3
Let z = -31 + 36. Suppose 0 = -5*x - z*j - 285, -4*x = -2*j - 3*j + 264. Let k = x + 87. What are the prime factors of k?
2, 13
Let m = -15 + 18. Let z be 0/(-3) - (m - 2). List the prime factors of -3 + 4 + (25 - z).
3
Let f(l) = 75*l + 126. What are the prime factors of f(40)?
2, 3, 521
Let h(p) be the third derivative of 7*p**4/24 - p**3/2 - 6*p**2. Suppose -2*v - 2*v = -12. What are the prime factors of h(v)?
2, 3
Suppose 8192 = 2*k + 27*y - 22*y, 2*y + 16360 = 4*k. What are